 f(t) = -t**3 - 39*t**2 + 29*t - 492. Calculate f(-40).
-52
Let q(i) = -i**2 - 35*i - 236. Give q(-28).
-40
Let t(z) = -z**2 - 32*z - 247. Determine t(-19).
0
Let j(k) = k**2 - 90*k + 1958. Give j(54).
14
Let z(o) = -o**2 + 628. Determine z(-25).
3
Let k(g) = 12*g**2 - 377*g + 150. Calculate k(31).
-5
Let f(z) = z**3 + 75*z**2 - 151*z + 162. What is f(-77)?
-69
Let f(j) = 191*j - 8420. What is f(44)?
-16
Let i(l) = 2*l**2 + 60*l + 367. What is i(-9)?
-11
Let s(r) = 43821*r - 394395. Give s(9).
-6
Let o(v) = 2*v**2 - 25*v + 109. What is o(7)?
32
Let p(t) = t**2 - 38*t + 104. Determine p(34).
-32
Let z(v) = -v**3 - 22*v**2 + 134*v - 57. What is z(-27)?
-30
Let c(a) = 142*a + 863. Calculate c(-6).
11
Let m(d) = -17*d**2 + 141*d - 56. What is m(9)?
-164
Let b(c) = -c**3 + 239*c**2 - 349*c + 26425. What is b(238)?
7
Let o(q) = -q**2 - 2331*q + 18718. Give o(8).
6
Let c(w) = -4*w**2 + 1269*w - 5021. What is c(4)?
-9
Let w(q) = -2*q**3 - 60*q**2 - 39*q + 74. What is w(-29)?
-477
Let m(n) = -670*n - 12069. What is m(-18)?
-9
Let p(n) = 33*n - 423. Calculate p(13).
6
Let v(q) = 82*q - 2347. Calculate v(28).
-51
Let f(l) = -13*l + 11. Give f(-13).
180
Let x(l) = -49*l**2 + 15*l - 4. Give x(2).
-170
Let x(w) = 89*w - 544. Calculate x(6).
-10
Let a(k) = -52*k - 623. Give a(-11).
-51
Let f(v) = -390*v + 19506. Give f(50).
6
Let c(u) = -696*u + 6263. What is c(9)?
-1
Let y(c) = 5*c**2 + 420*c - 421. What is y(1)?
4
Let l(m) = 3*m**3 - 21*m**2 - 16*m + 13. What is l(7)?
-99
Let u(d) = 10*d + 101. Calculate u(-15).
-49
Let h(l) = l**2 - 35*l - 90. What is h(42)?
204
Let m(z) = 5*z**2 - 4*z + 765. Give m(0).
765
Let x(j) = -2*j**3 - 13*j**2 - 13*j - 24. What is x(-6)?
18
Let p(a) = 7*a**3 - 5*a**2 - 54*a - 149. What is p(-3)?
-221
Let g(p) = -2*p**2 - 95*p - 236. Give g(-45).
-11
Let x(s) = 6*s**2 - 52*s - 210. Give x(13).
128
Let j(o) = 5*o**2 - 27*o + 1. Determine j(5).
-9
Let v(s) = 5*s**3 + 14*s**2 + 30*s + 59. Determine v(-3).
-40
Let h(v) = -2*v**2 - 5*v + 5. Calculate h(0).
5
Let b(d) = -10*d**2 - 171*d + 37. What is b(-17)?
54
Let g(m) = -123*m - 534. Give g(-4).
-42
Let y(x) = 192*x + 1275. Calculate y(-7).
-69
Let b(i) = 4*i**2 - 44*i - 236. Calculate b(15).
4
Let i(f) = 3*f**2 - 576*f + 1156. What is i(2)?
16
Let q(m) = -6*m**2 + 83*m + 2. What is q(15)?
-103
Let t(b) = -5*b**2 - 59*b - 446. Give t(-10).
-356
Let q(h) = -657*h + 32735. Calculate q(50).
-115
Let q(k) = -11*k**2 + 93*k - 35. Calculate q(8).
5
Let a(s) = s**3 - 35*s**2 - 24*s + 891. Determine a(35).
51
Let z(r) = 2*r**2 - 103*r + 155. Calculate z(50).
5
Let z(r) = -8*r**2 + 70*r - 212. Determine z(9).
-230
Let l(w) = -15*w**3 - 6*w**2 + 14*w + 5. Give l(2).
-111
Let z(w) = -63*w + 3368. Determine z(54).
-34
Let m(h) = -2*h**2 - 10*h + 10. What is m(-6)?
-2
Let p(z) = 2*z**3 + 21*z**2 + 4*z - 54. Give p(-10).
6
Let s(z) = -z**2 + 261*z + 1312. What is s(-5)?
-18
Let r(j) = -j + 43. Calculate r(51).
-8
Let h(u) = -242*u - 1672. What is h(-7)?
22
Let h(p) = 274*p**3 - p**2 - 5*p + 7. What is h(1)?
275
Let i(z) = z**2 + 153*z + 2198. Determine i(-16).
6
Let b(v) = 13*v**2 + 208*v + 36. Calculate b(-16).
36
Let f(d) = -23*d + 124. Determine f(-14).
446
Let k(h) = -h**3 - 37*h**2 - 269*h - 65. What is k(-27)?
-92
Let i(o) = -4*o - 191. Determine i(-38).
-39
Let d(m) = 21*m + 1186. Determine d(-57).
-11
Let b(g) = 5*g**2 + 99*g - 16. Give b(-19).
-92
Let m(x) = 36*x**2 - 202*x + 168. What is m(1)?
2
Let p(u) = 135*u - 339. Give p(4).
201
Let j(s) = s**3 + 15*s**2 + 2*s - 128. Calculate j(-14).
40
Let b(v) = -9*v**3 + v**2 - 86*v - 86. Give b(-1).
10
Let f(d) = 16*d**3 + 125*d**2 - 20*d + 27. Give f(-8).
-5
Let b(z) = 2*z**2 + 50*z + 104. Calculate b(-25).
104
Let v(z) = 5*z**3 - 6*z**2 - 4*z - 5. Calculate v(-2).
-61
Let p(r) = -r**3 - 5*r**2 - 66*r - 436. Give p(-6).
-4
Let a(j) = j**2 - 75*j + 1391. Calculate a(34).
-3
Let a(v) = 2*v**3 - 30*v**2 - 4*v + 52. What is a(15)?
-8
Let p(a) = -a**2 + 62*a + 404. Give p(-8).
-156
Let m(b) = -b**3 + 170*b**2 - 487*b - 2355. What is m(167)?
-17
Let j(m) = 2*m**3 - 13*m**2 - 8*m + 30. Determine j(7).
23
Let u(r) = -24*r - 620. What is u(-25)?
-20
Let l(f) = f**3 + 6*f**2 - 115*f - 114. Calculate l(-14).
-72
Let g(v) = v**2 + 57*v + 684. Determine g(-34).
-98
Let h(q) = -5*q**3 + 52*q**2 + 29*q - 3. Calculate h(11).
-47
Let v(b) = b**2 - 14*b + 2. What is v(14)?
2
Let v(k) = -k**2 - 906*k + 33916. Calculate v(36).
4
Let i(h) = -2*h**2 - 80*h - 42. What is i(-38)?
110
Let d(i) = 52*i**3 + 13*i**2 + 26*i + 1. Calculate d(-2).
-415
Let w(r) = -6*r**2 + 2*r - 14. Give w(-6).
-242
Let x(k) = -8*k**3 - 5*k**2 - 3*k + 3. Calculate x(-3).
183
Let t(b) = 7*b + 16. What is t(2)?
30
Let r(h) = -2*h**3 + 17*h**2 + 7*h + 23. Give r(9).
5
Let r(a) = 11*a + 16. Determine r(24).
280
Let j(y) = 2*y**3 - 39*y**2 - 60*y - 54. Calculate j(21).
9
Let h(r) = -18*r + 108. Give h(7).
-18
Let n(b) = 79*b**2 + 710*b - 13. Calculate n(-9).
-4
Let m(h) = 343*h - 40501. What is m(118)?
-27
Let h(q) = -55*q**2 - 153*q + 32. Calculate h(-3).
-4
Let k(o) = -22*o + 108. Determine k(-9).
306
Let p(g) = -g**3 + 8*g**2 - 17*g - 3. Give p(8).
-139
Let a(u) = 3*u**3 + 23*u**2 - 8*u - 39. Determine a(-8).
-39
Let n(f) = 12*f**2 - 43*f + 8. Give n(4).
28
Let u(h) = 2*h**2 - 77*h + 231. What is u(35)?
-14
Let a(u) = -28*u - 115. What is a(-7)?
81
Let v(m) = 2692*m + 51170. Give v(-19).
22
Let t(f) = -f**3 + 12*f**2 - 5*f - 51. What is t(3)?
15
Let h(z) = z**3 - 5*z**2 - 17*z - 21. Calculate h(8).
35
Let j(i) = 14*i**2 - 52*i + 131. Calculate j(3).
101
Let x(j) = -28*j + 1248. Determine x(44).
16
Let y(c) = -824*c**2 - 5761*c + 41. Determine y(-7).
-8
Let g(i) = -9*i - 560. What is g(-68)?
52
Let b(d) = -7*d**2 - 107*d + 119. Calculate b(1).
5
Let f(h) = 5*h**2 + 30*h - 33. What is f(-6)?
-33
Let o(j) = -2*j**3 + 4*j**2 + 5*j - 10. Calculate o(4).
-54
Let x(i) = 5*i - 42. What is x(8)?
-2
Let d(l) = 4*l**2 - 132*l + 466. Calculate d(4).
2
Let j(x) = -33*x**2 - 19*x + 14. Determine j(4).
-590
Let o(n) = n**3 + 182*n**2 + 1557*n - 13. Give o(-173).
-13
Let f(j) = -3*j**2 + 40*j - 113. Calculate f(6).
19
Let a(v) = v - 106. Determine a(47).
-59
Let j(b) = b**3 - 10*b**2 + 19*b - 17. Give j(5).
-47
Let o(k) = -k**3 - 16*k**2 - 44*k + 123. What is o(-11)?
2
Let t(x) = 1300*x + 6484. Give t(-5).
-16
Let a(o) = 65*o - 14318. What is a(220)?
-18
Let k(l) = -2*l**2 + 7*l + 1320. Give k(-24).
0
Let y(b) = 18*b + 1668. Calculate y(-97).
-78
Let a(h) = h**2 - 35*h - 31. Determine a(36).
5
Let k(y) = y**3 - 12*y**2 - 25*y - 9. What is k(14)?
33
Let b(i) = 10*i + 624. Calculate b(-62).
4
Let t(g) = 26*g - 298. Give t(25).
352
Let z(n) = -n**3 + 25*n**2 - 15*n - 234. Give z(24).
-18
Let i(f) = 2*f**3 - 275*f**2 + 404*f + 529. Give i(136).
-15
Let m(x) = -x**3 - x**2 + 19*x - 6. What is m(0)?
-6
Let y(x) = -21*x**2 + 250*x + 37. What is y(12)?
13
Let p(w) = 1680*w + 18482. Give p(-11).
2
Let x(k) = 2*k**3 + 72*k**2 + 140*k + 136. Determine x(-34).
0
Let c(t) = -2*t**3 + 36*t**2 - 31*t - 80. Calculate c(17).
-29
Let p(x) = -x**2 - 155*x + 793. Calculate p(5).
-7
Let v(l) = -l**3 + 66*l**2 + 226*l - 1323. Determine v(69).
-12
Let b(j) = -15*j**2 + 659*j - 2355. Determine b(40).
5
Let u(a) = -2*a**3 - 182*a**2 + 187*a + 275. Calculate u(-92).
-1
Let x(q) = 3*q**3 + 41*q**2 - 13*q + 26. Give x(-14).
12
Let b(h) = h**2 + 254*h + 3846. Give b(-238).
38
Let x(m) = -23*m - 81. Calculate x(8).
-265
Let k(l) = -34*l - 2102. Calculate k(-55).
-232
Let p(l) = l**3 - 56*l**2 + 47*l + 333. Calculate p(55).
-107
Let m(b) = 6*b**3 - 31*b**2 + 33*b - 164. Calculate m(5).
-24
Let f(h) = -2*h**3 + 3*h**2. Give f(4).
-80
Let d(u) = -3*u**3 + 113*u**2 + 50*u - 406. Give d(38).
50
Let i(v) = -83*v + 8709. Calculate i(104).
77
Let q(u) = 2*u**2 - 28*u - 126. Give q(-5).
64
Let l(p) = -p**2 + 105*p - 1396. Give l(85).
304
Let i(s) = -60*s + 757. Calculate i(13).
-23
Let h(p) = -p - 22. What is h(2)?
-24
Let a(r) = 2*r**3 - 54*r**2 + 3*r - 80. Determine a(27).
1
Let h(o) = -o**3 - 9*o**2 - o - 18. What is h(-4)?
-94
Let n(o) = o**3 + 47*o - 10. What is n(0)?
-10
Let o(w) = -594*w - 5345. What is o(-9)?
1
Let d(g) = -116*g - 289. Calculate d(-4).
175
Let h(d) = -14*d - 453. Determine h(-32).
-5
Let t(i) = -i**3 + 24*i**2 + 52*i 